et b(t) = -42*t**2 + 7240*t + 36206. Calculate b(-5).
-1044
Let y(z) = z**3 + 17*z**2 + 30*z + 252. What is y(-16)?
28
Let i(f) = -25*f**3 + 86*f - 175. Calculate i(2).
-203
Let m(z) = 2*z**2 - 2659*z + 241370. Determine m(98).
-4
Let a(i) = i**3 + 799*i**2 - 2405*i - 6. Calculate a(3).
-3
Let u(h) = -h**3 - 165*h**2 - 792*h + 1253. Determine u(-160).
-27
Let x(a) = a**3 + 193*a**2 + 5040*a + 549. Determine x(-31).
-9
Let h(j) = j**3 + 142*j**2 - 311*j - 3299. What is h(-144)?
13
Let o(r) = -46*r**3 + 24975*r**2 + 1636*r - 3803. What is o(543)?
-2
Let c(r) = -4*r**2 - 675*r + 21277. Determine c(-196).
-87
Let y(z) = z**2 + 30115*z - 120482. Give y(4).
-6
Let p(l) = 2332*l + 109600. Calculate p(-47).
-4
Let h(j) = -540*j**2 - 5370*j - 13343. Give h(-5).
7
Let g(p) = -5968*p - 11669. Determine g(-2).
267
Let c(s) = -s**3 + s**2 + 5198*s + 10389. What is c(-2)?
5
Let y(d) = 23*d**2 - 1024*d - 3797. What is y(48)?
43
Let l(w) = 48*w**3 + 4*w**2 + 7*w - 7. Calculate l(2).
407
Let g(x) = -4*x**3 - 63*x**2 + 1637*x + 20302. What is g(-11)?
-4
Let f(x) = -1960*x + 362771. Determine f(185).
171
Let k(b) = -310*b + 405. Calculate k(1).
95
Let m(q) = q**2 - 18177*q + 1267494. Determine m(70).
4
Let p(b) = -b**3 - 137*b**2 + 851*b - 560. Give p(-143).
441
Let j(x) = -172*x**2 + 21504*x - 168. Determine j(125).
332
Let c(f) = 3*f**3 - 122*f**2 - 638*f + 28741. Determine c(40).
21
Let w(a) = 63*a**2 + 67503*a + 67499. What is w(-1)?
59
Let z(m) = m**3 - 85*m**2 - 46*m + 3008. Give z(86).
6448
Let h(y) = 4*y**2 - 240*y - 7127. Determine h(82).
89
Let g(o) = -2*o**2 + 1435*o - 21665. What is g(15)?
-590
Let j(b) = -9*b**3 - 58*b**2 - 28*b - 257. Give j(-7).
184
Let v(s) = 2837*s + 899343. Give v(-317).
14
Let s(y) = 100*y**2 + 4613*y + 9385. Give s(-44).
13
Let h(i) = -3*i**3 - 59*i**2 + 111*i + 566. Determine h(-21).
-1
Let j(d) = 2492*d + 39787. What is j(-17)?
-2577
Let z(x) = 2269*x + 17838. Determine z(-9).
-2583
Let j(f) = -3750*f - 363757. Give j(-97).
-7
Let o(x) = -7817*x - 39366. Calculate o(-5).
-281
Let b(m) = 17*m**2 - 11513*m + 311533. Determine b(649).
13
Let s(y) = -306*y**2 - 1077*y + 1. Calculate s(-3).
478
Let r(d) = d**3 + 18*d**2 - 66*d - 1502. Determine r(-17).
-91
Let i(o) = o**2 + 1035*o - 238434. Give i(194).
-8
Let l(v) = 438*v + 15502. Determine l(-37).
-704
Let j(b) = -53021*b + 424154. Calculate j(8).
-14
Let h(a) = 2*a**3 + 241*a**2 + 41*a + 19604. Determine h(-121).
2
Let j(r) = 742187*r - 12617192. Calculate j(17).
-13
Let k(r) = -63*r**3 - 68*r**2 + 86*r + 90. Calculate k(2).
-514
Let i(p) = -9638*p - 67464. Determine i(-7).
2
Let s(x) = 237*x**2 + 6407*x + 216. Give s(-27).
0
Let y(a) = a**3 - 13*a**2 + 470*a - 3957. Determine y(10).
443
Let g(u) = u**2 + 53476*u + 13041592. Calculate g(-245).
-3
Let c(v) = -5*v**3 - 62*v**2 + 588*v + 7472. Give c(-12).
128
Let r(h) = -29*h**2 + 945*h + 938. Calculate r(-1).
-36
Let s(c) = -19*c**2 + 1809*c - 4303. What is s(93)?
-397
Let i(h) = 790*h**2 - 4733*h + 21. Calculate i(6).
63
Let l(j) = -j**3 - 45*j**2 - 16*j + 199. Calculate l(-45).
919
Let r(k) = 96*k**2 - 896*k - 1934. Determine r(11).
-174
Let v(t) = 3*t**3 - 152*t**2 - 594*t + 27686. Give v(51).
-7
Let y(f) = 1480*f**2 - 41384*f - 1572. Give y(28).
-4
Let i(x) = -17*x**3 - 85*x**2 + 21*x + 94. Calculate i(-5).
-11
Let w(l) = -2*l**2 + 10744*l - 1281001. Calculate w(122).
-1
Let l(q) = -18*q**3 - q**2 + 158*q + 1058. What is l(-5)?
2493
Let q(u) = u**3 + 50*u**2 + 199*u + 723. Give q(-46).
33
Let w(z) = 5*z**2 + 1032*z + 38011. Calculate w(-48).
-5
Let n(c) = -c**3 + 124*c**2 + 431*c - 4236. Determine n(127).
2114
Let z(u) = -u**3 + 443*u**2 - 45161*u + 1417. Give z(284).
-3
Let o(y) = y**3 - 34*y**2 + 124*y + 2174. Calculate o(26).
-10
Let j(g) = -14919*g - 298832. What is j(-20)?
-452
Let w(c) = 2*c**2 + 224*c - 114. Calculate w(0).
-114
Let s(m) = -588*m**3 + 51155*m**2 + 92*m - 435. Determine s(87).
0
Let j(i) = i**2 + 13088*i - 117809. Calculate j(9).
64
Let x(h) = -h**3 + 19*h**2 + 342*h - 348. Determine x(-11).
-480
Let h(u) = -13368*u - 347570. Calculate h(-26).
-2
Let f(r) = -4*r**2 + 81*r + 1249. Give f(31).
-84
Let u(f) = 1608*f - 37111. What is u(24)?
1481
Let z(s) = 3898*s + 19941. What is z(-5)?
451
Let v(l) = -l**2 + 75*l + 1279. Give v(86).
333
Let s(t) = t**3 - 31*t**2 + 171*t - 323. Give s(24).
-251
Let v(p) = -p**3 - 171*p**2 + 395*p + 96071. Calculate v(-170).
21
Let z(h) = 1153*h - 29243. What is z(27)?
1888
Let j(z) = -130*z + 1682. Give j(10).
382
Let d(z) = -3*z**3 + 5*z**2 + 10*z + 374. Calculate d(9).
-1318
Let t(i) = -i**2 + 73001*i - 656899. Determine t(9).
29
Let a(c) = c**3 + 379*c**2 - 4695*c - 946. Give a(-391).
227
Let s(k) = k**3 - 30*k**2 - 9*k + 1207. Give s(31).
1889
Let h(m) = m**3 - 55*m**2 - 39*m - 4898. Give h(57).
-623
Let x(l) = 3*l**3 + 45*l**2 - 274*l - 22. Calculate x(5).
108
Let r(w) = w**3 + 184*w**2 + 8237*w + 86. Calculate r(-107).
300
Let s(h) = -h**3 - 114*h**2 - 1924*h - 4213. What is s(-94)?
-77
Let y(m) = -336*m - 171405. What is y(-510)?
-45
Let i(q) = -q**2 + 674*q - 76412. What is i(529)?
293
Let i(f) = -6*f + 388. Determine i(-37).
610
Let g(n) = -20*n**2 - 5682*n - 266. Give g(-284).
302
Let c(a) = 16*a**3 + 105*a**2 + 32*a - 132. Determine c(-6).
0
Let p(j) = 2*j**3 + 7*j**2 - 430*j - 29. Give p(-17).
-522
Let f(h) = -16*h**3 + 23*h**2 - 84*h + 21. Calculate f(5).
-1824
Let g(x) = 2*x**2 + 472*x + 11097. What is g(-25)?
547
Let s(b) = b**2 - 311*b + 604. Calculate s(0).
604
Let l(i) = 10988*i - 230844. Calculate l(21).
-96
Let t(p) = p**3 + 13*p**2 + 32*p - 168. Give t(-10).
-188
Let s(l) = 6*l**3 + 25*l**2 + 366*l + 1509. Calculate s(-4).
61
Let f(m) = 2*m**2 + 4161*m + 16666. Give f(-4).
54
Let d(i) = -6*i**2 + 746*i - 15300. Give d(25).
-400
Let h(i) = 112*i - 5310. Determine h(50).
290
Let p(l) = -3*l**2 - 124*l - 744. Calculate p(-8).
56
Let f(x) = -19*x**3 + 122*x**2 - 6*x + 1. Determine f(6).
253
Let o(l) = -294*l**2 - 212*l + 649. What is o(3)?
-2633
Let a(m) = -150*m - 5867. Determine a(-42).
433
Let w(a) = 48*a**2 - 214*a + 278. What is w(2)?
42
Let z(p) = -p**2 + 8206*p - 83. Determine z(0).
-83
Let l(b) = 45036*b + 5494382. Determine l(-122).
-10
Let c(t) = 115149*t - 575729. Calculate c(5).
16
Let g(z) = z**3 - 38288*z - 267670. Calculate g(-7).
3
Let d(z) = z**2 - 105*z - 10321. What is d(166)?
-195
Let t(y) = 2*y**3 + 7*y**2 - 1165*y + 115. Determine t(-26).
-15
Let h(y) = 11167*y + 89925. Give h(-8).
589
Let a(b) = -b**2 + 36032*b + 11705982. Determine a(-322).
-6
Let s(q) = 2823*q + 2715727. Determine s(-962).
1
Let s(f) = f**2 - 2374*f - 168647. Calculate s(-69).
-80
Let c(o) = o**3 + 15*o**2 - 3843*o - 362. Give c(55).
23
Let g(l) = -l**2 - 191*l - 7104. Calculate g(-51).
36
Let y(o) = 706*o + 187141. Calculate y(-265).
51
Let k(r) = 82*r**3 + 3849*r**2 - 231*r + 191. Determine k(-47).
3
Let c(z) = 2457*z**2 - 36933*z + 1171. What is c(15)?
1
Let w(d) = 8556*d + 42798. Calculate w(-5).
18
Let v(n) = n**3 - 33*n**2 + 35*n + 135. Determine v(31).
-702
Let k(r) = -r**2 - 2575*r - 38332. Determine k(-15).
68
Let b(l) = -7*l**2 + 363*l + 1730. Calculate b(56).
106
Let s(x) = -3*x**3 - 133*x**2 - 42*x + 44. Give s(-44).
-44
Let y(i) = -4*i**2 - 161*i + 4739. Give y(-60).
-1
Let o(x) = -x**3 - 91*x**2 - 2059*x - 108. Determine o(-49).
-59
Let u(b) = -2656418*b - 2656424. Calculate u(-1).
-6
Let z(v) = -642*v + 923. Give z(1).
281
Let a(u) = u**3 - 122*u**2 + 1134*u - 1594. What is a(112)?
-26
Let d(s) = -37028*s + 3110357. Calculate d(84).
5
Let r(n) = -3*n**2 - 670*n - 11089. What is r(-18)?
-1
Let t(g) = 570*g + 86859. Calculate t(-158).
-3201
Let u(a) = -a**3 + 241*a**2 - 4629*a + 1926. Calculate u(220).
-54
Let i(w) = 234*w**2 + 9859*w - 78747. Give i(-49).
-4
Let l(k) = -k**2 + 148*k - 5255. Calculate l(89).
-4
Let q(b) = 7*b**2 + 719*b + 856. Calculate q(-103).
1062
Let o(n) = 16*n**2 + 4107*n - 39702. Determine o(-266).
-68
Let m(q) = 58*q**3 - 13*q**2 - 36*q + 370. Give m(4).
3730
Let y(x) = -21*x**3 + 3655*x**2 - 161*x - 570. Determine y(174).
1692
Let d(a) = -89*a - 7010. Determine d(-82).
288
Let q(v) = -3*v**2 + 40118*v + 200737. Calculate q(-5).
72
Let t(x) = 5*x**2 + 1029*x + 46856. Calculate t(-68).
4
Let v(w) = -2*w**3 + 35*w**2 - 79*